26d8a
In base 11, what is -7 - -64a27?
64a20
In base 11, what is -353 + -a955?
-101a8
In base 8, what is -2 - 46407613?
-46407615
In base 6, what is -115 - -2421114?
2420555
In base 11, what is -2 + -8187208?
-818720a
In base 6, what is -3 - -2245103?
2245100
In base 9, what is -3 - -53047526?
53047523
In base 15, what is -817 + 250c9?
247b2
In base 16, what is 20749566 + 0?
20749566
In base 4, what is 32113002002 + 2?
32113002010
In base 13, what is 7254 + 483?
7707
In base 14, what is 145522 + 64?
145586
In base 4, what is 133230331 + -1102?
133223223
In base 13, what is -1512 - 56?
-1568
In base 13, what is -150b + b0991?
ac483
In base 3, what is 111010 + 1101111102?
1101222112
In base 13, what is -2 + c5bac7?
c5bac5
In base 15, what is 2b71 - -8?
2b79
In base 11, what is -727 - -890?
164
In base 4, what is 20012 - -20222220?
20302232
In base 6, what is -200 - 3044113?
-3044313
In base 12, what is -6b67 + -601?
-7568
In base 5, what is -30 - 2414140?
-2414220
In base 11, what is -2895 - -310a1?
29307
In base 8, what is -104211471 - 3?
-104211474
In base 2, what is 1011100 - -100110110101011101000010?
100110110101011110011110
In base 13, what is -329 - -45294?
44c68
In base 12, what is -2 + -2229133?
-2229135
In base 9, what is -261 + -353583?
-353854
In base 3, what is 2 - -201222102221202?
201222102221211
In base 7, what is 1 - -354330?
354331
In base 7, what is 5440 - -111551?
120321
In base 4, what is -1023 + 20132110221?
20132103132
In base 9, what is -3 - -68860571?
68860567
In base 4, what is 11 + -1300102321330?
-1300102321313
In base 13, what is -85 + -189c8a?
-18a042
In base 14, what is 2 + 375a3a?
375a3c
In base 6, what is 514120 - 212?
513504
In base 9, what is 76 - 12720?
-12633
In base 16, what is -8b89 - 1b67?
-a6f0
In base 13, what is -7609 + c6?
-7513
In base 4, what is 312131321 + 12303?
312210230
In base 3, what is 12 + -120210110210222?
-120210110210210
In base 8, what is 0 + -744061?
-744061
In base 11, what is -69 - -298106a?
2981001
In base 11, what is 621900 + 19?
621919
In base 14, what is -4ad6 - 421?
-5117
In base 6, what is -22230453 + 1402?
-22225051
In base 2, what is -101 - 111010111100100100110001?
-111010111100100100110110
In base 4, what is -10021 + 21313300030?
21313230003
In base 11, what is -34 + 1693547?
1693513
In base 14, what is -5 - 1a2db7a?
-1a2db81
In base 12, what is 25 + -16304?
-1629b
In base 12, what is 7a65 + -4b06?
2b5b
In base 11, what is -36871a7 + 5?
-36871a2
In base 10, what is 9 + 30769593?
30769602
In base 2, what is 1011111101101 + 100010011110000?
101110011011101
In base 2, what is -101010001110 - 10010010001?
-111100011111
In base 4, what is -2222301233111 + -2?
-2222301233113
In base 6, what is -252221040555 - 1?
-252221041000
In base 12, what is 8 - -525477?
525483
In base 7, what is -62 - -11330441?
11330346
In base 4, what is -103011100112 + 32?
-103011100020
In base 13, what is 946a7b - 0?
946a7b
In base 7, what is 30515606 - 1?
30515605
In base 13, what is -a + 110a662?
110a655
In base 12, what is 32b686 - -41?
32b707
In base 4, what is 10 - 10232031332?
-10232031322
In base 15, what is -17bb59 - -2?
-17bb57
In base 3, what is -2101012211022 - 1?
-2101012211100
In base 8, what is -26 - -10646207?
10646161
In base 16, what is 13596b - 2?
135969
In base 9, what is -53 + 6602105?
6602042
In base 12, what is 5 + 20581314?
20581319
In base 4, what is 1030320221023 - 11?
1030320221012
In base 6, what is -223 - 25222?
-25445
In base 12, what is -4513452 + -11?
-4513463
In base 9, what is -2 + -71342301?
-71342303
In base 10, what is -112 - -114650?
114538
In base 7, what is -211103 - -1456?
-206314
In base 2, what is 10011100001 + 101000101000?
111100001001
In base 2, what is -10101010 - 1001111100110000?
-1001111111011010
In base 8, what is 5 - -347267554?
347267561
In base 16, what is 1b0f7bf - 4?
1b0f7bb
In base 9, what is -1810 - 15833?
-17743
In base 7, what is -646 - -1000040?
666061
In base 2, what is -101 - 1110000111010101111110001100?
-1110000111010101111110010001
In base 11, what is -1314119 - -6?
-1314113
In base 14, what is -b - -6d36d3?
6d36c6
In base 12, what is -aa6 + -162b4?
-1719a
In base 9, what is -5 - 4062531?
-4062536
In base 10, what is -2 + 168495710?
168495708
In base 11, what is -951 + 49318?
48477
In base 2, what is -1 + 1011000101011110001011?
1011000101011110001010
In base 14, what is -270 + -16c18?
-17088
In base 9, what is 1462711 - 4?
1462706
In base 5, what is -10 + -300411313433?
-300411313443
In base 4, what is -231302101333 - 2?
-231302102001
In base 5, what is 2234 - -113004001?
113011240
In base 12, what is -741546 + 4?
-741542
In base 12, what is -4 - 188202?
-188206
In base 12, what is -22b7a + 57b?
-225bb
In base 14, what is 3c998 + -205?
3c793
In base 16, what is -1b3 + -506b6?
-50869
In base 10, what is -25 + 2465?
2440
In base 12, what is -8a8ba - -633?
-8a287
In base 16, what is -6b1902 - -23?
-6b18df
In base 3, what is -1200002100200202021 + 11?
-1200002100200202010
In base 16, what is 3c1f2 + -19?
3c1d9
In base 8, what is -32 - -30230077?
30230045
In base 5, what is 210 - -24212322?
24213032
In base 16, what is ae151e2 + -5?
ae151dd
In base 13, what is 1072 + 22?
1094
In base 7, what is 330264 - -46646?
410243
In base 10, what is -2412557 - -88?
-2412469
In base 12, what is 2240 + 3?
2243
In base 8, what is -1306214 - -523?
-1305471
In base 16, what is -1 + 78270?
7826f
In base 2, what is -10110101001111010001111 + 0?
-10110101001111010001111
In base 5, what is -4222403 + -113?
-4223021
In base 13, what is -1294 - 19a3?
-2c67
In base 14, what is -5da919 - -3?
-5da916
In base 2, what is -110 - 101010011000111100000010?
-101010011000111100001000
In base 5, what is -21 + -21202440313?
-21202440334
In base 6, what is -44150 + -54222?
-142412
In base 5, what is -324 + 3343110330?
3343110001
In base 11, what is -26 + 10057045?
1005701a
In base 3, what is 111010020021222212 + 10?
111010020021222222
In base 14, what is 5 - -9867?
986c
In base 6, what is 5 + 4032221311?
4032221320
In base 4, what is -12312301332123 + 21?
-12312301332102
In base 5, what is 1003402 + 12013?
1020420
In base 4, what is -1323 + 13011321?
13003332
In base 11, what is 49965 - 6454?
43511
In base 10, what is 10705658 - -5?
10705663
In base 4, what is -1032011 + 221302?
-210103
In base 15, what is 340 - 21c5c?
-2191c
In base 5, what is 3 - 33013314024?
-33013314021
In base 9, what is 765 - 545774?
-545008
In base 6, what is -301504 - -1530?
-255534
In base 9, what is 274 - -280783?
281167
In base 15, what is -2 - 3426d1?
-3426d3
In base 15, what is 15 - -593c?
5952
In base 6, what is 4 + -114441451?
-114441443
In base 7, what is -1362 + -2365455?
-2400150
In base 5, what is -4443340 - -3113?
-4440222
In base 2, what is 101111101 + 110011000111110110?
110011001101110011
In base 11, what is -13892 + 118a?
-12703
In base 14, what is -4342 + 227?
-4119
In base 5, what is 1222 - -42440110?
42441332
In base 6, what is 10302510 + -1000?
10301510
In base 7, what is -26243624 - -22?
-26243602
In base 10, what is 149656 + 81?
149737
In base 3, what is -10201000022 - -100100220?
-10100122102
In base 13, what is 1c + -6a44b8?
-6a4499
In base 8, what is -1766276 - -23?
-1766253
In base 8, what is -3 - -523372402?
523372377
In base 14, what is 6cab0d - 12?
6caadb
In base 10, what is -1448755 + -29?
-1448784
In base 9, what is 34412 + -4?
34407
In base 10, what is -444 + 373104?
372660
In base 6, what is 1201 + 112450044?
112451245
In base 2, what is 110101101101000 - 110010110100?
101111010110100
In base 10, what is 3 + -10841733?
-10841730
In base 3, what is -101 - -20112011000210?
20112011000102
In base 8, what is -21 + 40235152?
40235131
In base 14, what is c2a60 + -16?
c2a48
In base 5, what is 101141401 + 143?
101142044
In base 12, what is -2214335a + 4?
-22143356
In base 4, what is -100103321302 - 22?
-100103321330
In base 6, what is 124 + 31325132?
31325300
In base 11, what is 9 + -27890?
-27882
In base 11, what is 7339300 + -11?
733929a
In base 3, what is -222000 + -20221101?
-21220101
In base 8, what is -12 + 61357004?
61356772
In base 12, what is -7a22 + 6a?
-7974
In base 9, what is 3 + 11381554?
11381557
In base 2, what is -110010101 - -10000001100000001000?
1000000101100